{"id":19387,"date":"2026-04-11T14:34:45","date_gmt":"2026-04-11T14:34:45","guid":{"rendered":"https:\/\/celustore.online\/tienda\/?post_type=product&#038;p=19387"},"modified":"2026-04-11T14:34:46","modified_gmt":"2026-04-11T14:34:46","slug":"smart-watch-gt7-ultra","status":"publish","type":"product","link":"https:\/\/celustore.online\/tienda\/producto\/smart-watch-gt7-ultra\/","title":{"rendered":"SMART WATCH GT7 ULTRA"},"content":{"rendered":"<h1 title=\"Reloj Inteligente Deportivo GT7 Ultra, Monitor de Actividad F\u00edsica, Monitor de Sue\u00f1o, Pantalla TFT, Resistencia al Agua IP67, Caja de Acero, Carga Inal\u00e1mbrica, 4 D\u00edas de Autonom\u00eda de la Bater\u00eda, Unisex\" data-spm-anchor-id=\"a2700.details.0.i63.2e293fc5RRZ3D6\">Reloj Inteligente Deportivo GT7 Ultra, Monitor de Actividad F\u00edsica, Monitor de Sue\u00f1o, Pantalla TFT, Resistencia al Agua IP67, Caja de Acero, Carga Inal\u00e1mbrica,<\/h1>\n","protected":false},"excerpt":{"rendered":"<p>Reloj Inteligente Deportivo GT7 Ultra, Monitor de Actividad F\u00edsica, Monitor de Sue\u00f1o, Pantalla TFT, Resistencia al Agua IP67, Caja de Acero, Carga Inal\u00e1mbrica,<\/p>\n","protected":false},"featured_media":19388,"comment_status":"open","ping_status":"closed","template":"","meta":{"_joinchat":[]},"product_brand":[],"product_cat":[530],"product_tag":[],"class_list":{"0":"post-19387","1":"product","2":"type-product","3":"status-publish","4":"has-post-thumbnail","6":"product_cat-reloj-inteligente","8":"first","9":"instock","10":"shipping-taxable","11":"purchasable","12":"product-type-simple"},"jetpack_sharing_enabled":true,"_links":{"self":[{"href":"https:\/\/celustore.online\/tienda\/wp-json\/wp\/v2\/product\/19387","targetHints":{"allow":["GET"]}}],"collection":[{"href":"https:\/\/celustore.online\/tienda\/wp-json\/wp\/v2\/product"}],"about":[{"href":"https:\/\/celustore.online\/tienda\/wp-json\/wp\/v2\/types\/product"}],"replies":[{"embeddable":true,"href":"https:\/\/celustore.online\/tienda\/wp-json\/wp\/v2\/comments?post=19387"}],"wp:featuredmedia":[{"embeddable":true,"href":"https:\/\/celustore.online\/tienda\/wp-json\/wp\/v2\/media\/19388"}],"wp:attachment":[{"href":"https:\/\/celustore.online\/tienda\/wp-json\/wp\/v2\/media?parent=19387"}],"wp:term":[{"taxonomy":"product_brand","embeddable":true,"href":"https:\/\/celustore.online\/tienda\/wp-json\/wp\/v2\/product_brand?post=19387"},{"taxonomy":"product_cat","embeddable":true,"href":"https:\/\/celustore.online\/tienda\/wp-json\/wp\/v2\/product_cat?post=19387"},{"taxonomy":"product_tag","embeddable":true,"href":"https:\/\/celustore.online\/tienda\/wp-json\/wp\/v2\/product_tag?post=19387"}],"curies":[{"name":"wp","href":"https:\/\/api.w.org\/{rel}","templated":true}]}}