{"id":17501,"date":"2023-07-26T14:17:11","date_gmt":"2023-07-26T14:17:11","guid":{"rendered":"https:\/\/celustore.online\/tienda\/?post_type=product&#038;p=17501"},"modified":"2024-04-27T19:06:21","modified_gmt":"2024-04-27T19:06:21","slug":"cinta-led-neon-flex-rollo","status":"publish","type":"product","link":"https:\/\/celustore.online\/tienda\/producto\/cinta-led-neon-flex-rollo\/","title":{"rendered":"CINTA LED NE\u00d3N FLEX ROLLO"},"content":{"rendered":"<p>1 TIRA LED NEON FLEXIBLE LUMINARIA DE 12 VOLTIOS,RESISTENTE AL AGUA DE DISTINTOS COLORES,IDEAL CUMPLEA\u00d1OS,EVENTOS,AMBIENTACIONES,FIESTAS,DECORACIONES.<\/p>\n<p>La manguera de NEON LED es ideal para carteler\u00eda, se\u00f1alizaci\u00f3n, ambientaci\u00f3n, decoraci\u00f3n de exteriores, pileta, iluminaci\u00f3n de estructuras y vidrieras.<br \/>\n100% flexibles, muy resistentes, livianas y bajo consumo!<br \/>\nAlta protecci\u00f3n IP66, resisten golpes, vibraciones, agua y polvo.<br \/>\nProporciona una banda continua de color, estable y pareja.<br \/>\nNo emite calor y es muy f\u00e1cil de limpiar por su cubierta de PVC a prueba de agua.<br \/>\nSon ecol\u00f3gicas, libres de plomo y mercurio.<br \/>\nSe pueden cortar por las marcas de corte cada 2.5 cm.<\/p>\n","protected":false},"excerpt":{"rendered":"<p>1 TIRA LED NEON FLEXIBLE LUMINARIA DE 12 VOLTIOS,RESISTENTE AL AGUA DE DISTINTOS COLORES,IDEAL CUMPLEA\u00d1OS,EVENTOS,AMBIENTACIONES,FIESTAS,DECORACIONES. La manguera de NEON LED es ideal para carteler\u00eda, se\u00f1alizaci\u00f3n,&#8230;<\/p>\n","protected":false},"featured_media":17502,"comment_status":"open","ping_status":"closed","template":"","meta":{"_joinchat":[]},"product_brand":[],"product_cat":[534],"product_tag":[],"class_list":{"0":"post-17501","1":"product","2":"type-product","3":"status-publish","4":"has-post-thumbnail","6":"product_cat-luces","8":"first","9":"instock","10":"shipping-taxable","11":"purchasable","12":"product-type-simple"},"jetpack_sharing_enabled":true,"_links":{"self":[{"href":"https:\/\/celustore.online\/tienda\/wp-json\/wp\/v2\/product\/17501","targetHints":{"allow":["GET"]}}],"collection":[{"href":"https:\/\/celustore.online\/tienda\/wp-json\/wp\/v2\/product"}],"about":[{"href":"https:\/\/celustore.online\/tienda\/wp-json\/wp\/v2\/types\/product"}],"replies":[{"embeddable":true,"href":"https:\/\/celustore.online\/tienda\/wp-json\/wp\/v2\/comments?post=17501"}],"wp:featuredmedia":[{"embeddable":true,"href":"https:\/\/celustore.online\/tienda\/wp-json\/wp\/v2\/media\/17502"}],"wp:attachment":[{"href":"https:\/\/celustore.online\/tienda\/wp-json\/wp\/v2\/media?parent=17501"}],"wp:term":[{"taxonomy":"product_brand","embeddable":true,"href":"https:\/\/celustore.online\/tienda\/wp-json\/wp\/v2\/product_brand?post=17501"},{"taxonomy":"product_cat","embeddable":true,"href":"https:\/\/celustore.online\/tienda\/wp-json\/wp\/v2\/product_cat?post=17501"},{"taxonomy":"product_tag","embeddable":true,"href":"https:\/\/celustore.online\/tienda\/wp-json\/wp\/v2\/product_tag?post=17501"}],"curies":[{"name":"wp","href":"https:\/\/api.w.org\/{rel}","templated":true}]}}