{"id":17375,"date":"2023-06-10T15:51:56","date_gmt":"2023-06-10T15:51:56","guid":{"rendered":"https:\/\/celustore.online\/tienda\/?post_type=product&#038;p=17375"},"modified":"2024-04-27T19:06:06","modified_gmt":"2024-04-27T19:06:06","slug":"termo-botella-deportiva-de-acero-inoxidable","status":"publish","type":"product","link":"https:\/\/celustore.online\/tienda\/producto\/termo-botella-deportiva-de-acero-inoxidable\/","title":{"rendered":"TERMO\/BOTELLA DEPORTIVA DE ACERO INOXIDABLE"},"content":{"rendered":"<h3>material acero inoxidable y con correa para transportarlo f\u00e1cilmente. Esta botella t\u00e9rmica puede almacenar l\u00edquidos tanto fr\u00edos como calientes por horas, y as\u00ed proveerte en cualquier momento durante tus actividades f\u00edsicas, como ir al gym, caminatas, baile, o deportes en gral., como as\u00ed tambi\u00e9n en actividades de esparcimiento con amigos, campings, etc.<\/h3>\n<h3>\u2022 Acero inoxidable doble pared.<br \/>\n\u2022 Apta bebidas fr\u00edas y calientes.<br \/>\n\u2022 Pintura anti deslizante.<br \/>\n\u2022 Incluye correa de cuero.<br \/>\n\u2022 Boca amplia para colocarle hielo.<br \/>\n\u2022 Libre de BPA.<br \/>\n\u2022 Excelente calidad de acero, muy resistente a golpes y ca\u00eddas.<br \/>\n\u2022 Dise\u00f1o moderno. El botell\u00f3n incluye tapa y tap\u00f3n, NO incluye pico cebador.<\/h3>\n","protected":false},"excerpt":{"rendered":"<p>material acero inoxidable y con correa para transportarlo f\u00e1cilmente. Esta botella t\u00e9rmica puede almacenar l\u00edquidos tanto fr\u00edos como calientes por horas, y as\u00ed proveerte en&#8230;<\/p>\n","protected":false},"featured_media":17376,"comment_status":"open","ping_status":"closed","template":"","meta":{"_joinchat":[]},"product_brand":[],"product_cat":[486],"product_tag":[],"class_list":{"0":"post-17375","1":"product","2":"type-product","3":"status-publish","4":"has-post-thumbnail","6":"product_cat-tecnologia","8":"first","9":"instock","10":"shipping-taxable","11":"purchasable","12":"product-type-simple"},"jetpack_sharing_enabled":true,"_links":{"self":[{"href":"https:\/\/celustore.online\/tienda\/wp-json\/wp\/v2\/product\/17375","targetHints":{"allow":["GET"]}}],"collection":[{"href":"https:\/\/celustore.online\/tienda\/wp-json\/wp\/v2\/product"}],"about":[{"href":"https:\/\/celustore.online\/tienda\/wp-json\/wp\/v2\/types\/product"}],"replies":[{"embeddable":true,"href":"https:\/\/celustore.online\/tienda\/wp-json\/wp\/v2\/comments?post=17375"}],"wp:featuredmedia":[{"embeddable":true,"href":"https:\/\/celustore.online\/tienda\/wp-json\/wp\/v2\/media\/17376"}],"wp:attachment":[{"href":"https:\/\/celustore.online\/tienda\/wp-json\/wp\/v2\/media?parent=17375"}],"wp:term":[{"taxonomy":"product_brand","embeddable":true,"href":"https:\/\/celustore.online\/tienda\/wp-json\/wp\/v2\/product_brand?post=17375"},{"taxonomy":"product_cat","embeddable":true,"href":"https:\/\/celustore.online\/tienda\/wp-json\/wp\/v2\/product_cat?post=17375"},{"taxonomy":"product_tag","embeddable":true,"href":"https:\/\/celustore.online\/tienda\/wp-json\/wp\/v2\/product_tag?post=17375"}],"curies":[{"name":"wp","href":"https:\/\/api.w.org\/{rel}","templated":true}]}}