{"id":17351,"date":"2023-06-06T13:45:09","date_gmt":"2023-06-06T13:45:09","guid":{"rendered":"https:\/\/celustore.online\/tienda\/?post_type=product&#038;p=17351"},"modified":"2024-11-20T21:52:59","modified_gmt":"2024-11-20T21:52:59","slug":"microfono-corbatero-inalambrico-android-ios-usb-c-lightning","status":"publish","type":"product","link":"https:\/\/celustore.online\/tienda\/producto\/microfono-corbatero-inalambrico-android-ios-usb-c-lightning\/","title":{"rendered":"CORBATERO INALAMBRICO CON ANDROID &#8211; USB-C-LIGHTNING"},"content":{"rendered":"","protected":false},"excerpt":{"rendered":"<p>F\u00e1cil operaci\u00f3n, viene con un receptor LIGHTNING y un transmisor, despu\u00e9s de presionar el bot\u00f3n de encendido, se emparejar\u00e1 autom\u00e1ticamente, solo inserte y reproduzca. Sin cables desordenados.<\/p>\n<p>Puede crear videos y audios de alta calidad en cualquier momento y en cualquier lugar. Micr\u00f3fono de solapa inal\u00e1mbrico de sincronizaci\u00f3n autom\u00e1tica, dise\u00f1ado para Facebook, Youtube, Instagram, Tik tok Live Steam y Vloggers, Bloggers, Youtubers, Podcasters, Entrevistadores y otros amantes de la grabaci\u00f3n de videos.<\/p>\n","protected":false},"featured_media":17354,"comment_status":"open","ping_status":"closed","template":"","meta":{"_joinchat":[]},"product_brand":[],"product_cat":[531],"product_tag":[],"class_list":{"0":"post-17351","1":"product","2":"type-product","3":"status-publish","4":"has-post-thumbnail","6":"product_cat-accesorios-para-celular","8":"first","9":"instock","10":"shipping-taxable","11":"purchasable","12":"product-type-simple"},"jetpack_sharing_enabled":true,"_links":{"self":[{"href":"https:\/\/celustore.online\/tienda\/wp-json\/wp\/v2\/product\/17351","targetHints":{"allow":["GET"]}}],"collection":[{"href":"https:\/\/celustore.online\/tienda\/wp-json\/wp\/v2\/product"}],"about":[{"href":"https:\/\/celustore.online\/tienda\/wp-json\/wp\/v2\/types\/product"}],"replies":[{"embeddable":true,"href":"https:\/\/celustore.online\/tienda\/wp-json\/wp\/v2\/comments?post=17351"}],"wp:featuredmedia":[{"embeddable":true,"href":"https:\/\/celustore.online\/tienda\/wp-json\/wp\/v2\/media\/17354"}],"wp:attachment":[{"href":"https:\/\/celustore.online\/tienda\/wp-json\/wp\/v2\/media?parent=17351"}],"wp:term":[{"taxonomy":"product_brand","embeddable":true,"href":"https:\/\/celustore.online\/tienda\/wp-json\/wp\/v2\/product_brand?post=17351"},{"taxonomy":"product_cat","embeddable":true,"href":"https:\/\/celustore.online\/tienda\/wp-json\/wp\/v2\/product_cat?post=17351"},{"taxonomy":"product_tag","embeddable":true,"href":"https:\/\/celustore.online\/tienda\/wp-json\/wp\/v2\/product_tag?post=17351"}],"curies":[{"name":"wp","href":"https:\/\/api.w.org\/{rel}","templated":true}]}}