{"id":16804,"date":"2022-10-18T13:01:16","date_gmt":"2022-10-18T13:01:16","guid":{"rendered":"https:\/\/celustore.online\/tienda\/?post_type=product&#038;p=16804"},"modified":"2026-04-01T15:38:57","modified_gmt":"2026-04-01T15:38:57","slug":"peluche-cactus-bailarin","status":"publish","type":"product","link":"https:\/\/celustore.online\/tienda\/producto\/peluche-cactus-bailarin\/","title":{"rendered":"PELUCHE-CACTUS BAILARIN"},"content":{"rendered":"","protected":false},"excerpt":{"rendered":"<p>Nuevo Beb\u00e9 Divertido Educaci\u00f3n Temprana<\/p>\n<ul>\n<li>Canto Electr\u00f3nico Cactus Danza.<\/li>\n<li>Tejido de Punto.<\/li>\n<li>Peluche<\/li>\n<li>Juguetes de Grabaci\u00f3n,Hablando, Bailando.<\/li>\n<li>Carga USB:Utilizamos una bater\u00eda recargable de iones de litio de 3,7 voltios, y dise\u00f1amos un puerto de carga USB y proporcionamos un cable de carga USB, lo que le ahorra la molestia de comprar, instalar y reemplazar la bater\u00eda.. La base de la bater\u00eda completamente cerrada evita que las piezas peque\u00f1as se caigan al reemplazar la bater\u00eda. Da\u00f1os a los ni\u00f1os. Cuando lo reciba, solo necesita cargarlo durante media hora, encender el interruptor y se puede usar durante mucho tiempo.<\/li>\n<li>Material de calidad:Este producto est\u00e1 hecho de tela de felpa no t\u00f3xica e inofensiva, la tela es suave y c\u00f3moda, el tacto es como el algod\u00f3n, no causar\u00e1 ning\u00fan da\u00f1o, usted y su hijo pueden estar seguros de jugar.<\/li>\n<li>Consulta por dise\u00f1os: BATMAN-PIKACHU-CAPITAN AMERICA-HOMBRE ARA\u00d1A-ECT.<\/li>\n<\/ul>\n","protected":false},"featured_media":16805,"comment_status":"open","ping_status":"closed","template":"","meta":{"_joinchat":[]},"product_brand":[],"product_cat":[531],"product_tag":[],"class_list":{"0":"post-16804","1":"product","2":"type-product","3":"status-publish","4":"has-post-thumbnail","6":"product_cat-accesorios-para-celular","8":"first","9":"instock","10":"shipping-taxable","11":"purchasable","12":"product-type-simple"},"jetpack_sharing_enabled":true,"_links":{"self":[{"href":"https:\/\/celustore.online\/tienda\/wp-json\/wp\/v2\/product\/16804","targetHints":{"allow":["GET"]}}],"collection":[{"href":"https:\/\/celustore.online\/tienda\/wp-json\/wp\/v2\/product"}],"about":[{"href":"https:\/\/celustore.online\/tienda\/wp-json\/wp\/v2\/types\/product"}],"replies":[{"embeddable":true,"href":"https:\/\/celustore.online\/tienda\/wp-json\/wp\/v2\/comments?post=16804"}],"wp:featuredmedia":[{"embeddable":true,"href":"https:\/\/celustore.online\/tienda\/wp-json\/wp\/v2\/media\/16805"}],"wp:attachment":[{"href":"https:\/\/celustore.online\/tienda\/wp-json\/wp\/v2\/media?parent=16804"}],"wp:term":[{"taxonomy":"product_brand","embeddable":true,"href":"https:\/\/celustore.online\/tienda\/wp-json\/wp\/v2\/product_brand?post=16804"},{"taxonomy":"product_cat","embeddable":true,"href":"https:\/\/celustore.online\/tienda\/wp-json\/wp\/v2\/product_cat?post=16804"},{"taxonomy":"product_tag","embeddable":true,"href":"https:\/\/celustore.online\/tienda\/wp-json\/wp\/v2\/product_tag?post=16804"}],"curies":[{"name":"wp","href":"https:\/\/api.w.org\/{rel}","templated":true}]}}