{"id":16737,"date":"2022-09-19T15:54:07","date_gmt":"2022-09-19T15:54:07","guid":{"rendered":"https:\/\/celustore.online\/tienda\/?post_type=product&#038;p=16737"},"modified":"2024-09-12T20:19:25","modified_gmt":"2024-09-12T20:19:25","slug":"parlante-bluetooth-klipxtreme-nitro","status":"publish","type":"product","link":"https:\/\/celustore.online\/tienda\/producto\/parlante-bluetooth-klipxtreme-nitro\/","title":{"rendered":"PARLANTE BLUETOOTH KLIPXTREME NITRO10300"},"content":{"rendered":"","protected":false},"excerpt":{"rendered":"<p><strong>\u00a0Parlante Nitro de Klip Xtreme<\/strong><\/p>\n<p>-Parlante port\u00e1til con tecnolog\u00eda inal\u00e1mbrica Bluetooth V5.0 y de vinculaci\u00f3n TWS, dise\u00f1ado para reproducir audio en forma inal\u00e1mbrica a trav\u00e9s de dos parlantes iguales simult\u00e1neamente, a una distancia de hasta 30 metros*.<\/p>\n<p>-La bater\u00eda recargable integrada de 2000 mAh ofrece 20 horas de reproducci\u00f3n con una sola carga**.<\/p>\n<p>-Cumple con la clasificaci\u00f3n IPX7 de resistencia al agua, que permite sumergirlo a 1 metro de profundidad durante 30 minutos.<\/p>\n<p>-Parlante de 50 mm con una potencia de salida excepcional para la gama completa de tonos y calidad de audio superior.<\/p>\n<p>-Tecnolog\u00eda de radiador pasivo para efectos de graves impresionantes.<\/p>\n<p>-Micr\u00f3fono incorporado en la unidad para conversaciones con manos libres.<\/p>\n<p>-Dise\u00f1o compacto complementado por una resistente rejilla met\u00e1lica, revestimiento de goma suave y un pr\u00e1ctico cord\u00f3n para f\u00e1cil transporte.<\/p>\n<p><strong>Caracter\u00edsticas t\u00e9cnicas del parlante Nitro de Klip Xtreme<\/strong><\/p>\n<p>-Modelo: KBS-025<\/p>\n<p>-Tipo: parlante inal\u00e1mbrico port\u00e1til compatible con Bluetooth<\/p>\n<p>-M\u00e1xima potencia de salida (RMS): 6 W<\/p>\n<p>-Entrada de CC: 5V\/1A<\/p>\n<p>-Botones: encendido\/apagado, reproducci\u00f3n\/pausa, vol.-\/pista anterior y vol. +\/pr\u00f3xima pista<\/p>\n<p>Micr\u00f3fono<\/p>\n<p>-Directividad: omnidireccional (inal\u00e1mbrica)<\/p>\n<p>-Frecuencia: 50 Hz-18 kHz<\/p>\n<p>-Impedancia: 2.2 Kohms<\/p>\n<p>-Sensibilidad: -42 dB<\/p>\n<p><strong>Parlante<\/strong><\/p>\n<p>-Unidad del parlante: 50 mm, gama completa de frecuencias<\/p>\n<p>-Radiador pasivo: 1 unidad<\/p>\n<p>-Frecuencia: 130 Hz-150 KHz<\/p>\n<p>-Impedancia: 4 \u03a9<\/p>\n<p>-Sensibilidad: 75 dB<\/p>\n<p>-Relaci\u00f3n de se\u00f1al a ruido: 71 dB<\/p>\n<p>-Distorsi\u00f3n arm\u00f3nica total (DAT): 1%<\/p>\n<p><strong>Conectividad<\/strong><\/p>\n<p>-Tipo de conexi\u00f3n: compatible con Bluetooth V5.0<\/p>\n<p>-Frecuencia de RF inal\u00e1mbrica: 2,4 GHz<\/p>\n<p>-Alcance inal\u00e1mbrico: hasta 30 metros**<\/p>\n<p>\u2013 TWS: verdadera conexi\u00f3n est\u00e9reo inal\u00e1mbrica<\/p>\n<p>\u2013 Admite perfiles BT A2DP y AVRCP<\/p>\n<p><strong>Bater\u00eda<\/strong><\/p>\n<p>-Tipo: Iones de litio 18650<\/p>\n<p>-Capacidad de carga: 2000 mAh<\/p>\n<p>-Tiempo de carga: de 3 a 4 horas<\/p>\n<p>-Tiempo en modo de pausa: m\u00e1s de 100 horas<\/p>\n<p>-M\u00e9todo de carga: cable micro-USB<\/p>\n<p><strong>Otros<\/strong><\/p>\n<p>-Dimensiones: 9,8 x 3,8 x 7,5cm<\/p>\n<p>-Peso: 193 gramos<\/p>\n<p>\u2013 Longitud del cable: 1,2 metros<\/p>\n<p>-Clasificaci\u00f3n IPX7 de resistencia al agua<\/p>\n<p>-Garant\u00eda: un a\u00f1o<\/p>\n<p><em>*El c\u00e1lculo de la distancia se basa en un \u00e1rea libre de obst\u00e1culos e interferencias, y en l\u00ednea recta entre ambos dispositivos Bluetooth V5.0.<\/em><\/p>\n<p><em>**Tiempo de funcionamiento: 20 horas al 50% del volumen, 9 horas al 100% del volumen<\/em><\/p>\n","protected":false},"featured_media":16740,"comment_status":"open","ping_status":"closed","template":"","meta":{"_joinchat":[]},"product_brand":[],"product_cat":[482],"product_tag":[],"class_list":{"0":"post-16737","1":"product","2":"type-product","3":"status-publish","4":"has-post-thumbnail","6":"product_cat-parlantes","8":"first","9":"instock","10":"shipping-taxable","11":"purchasable","12":"product-type-simple"},"jetpack_sharing_enabled":true,"_links":{"self":[{"href":"https:\/\/celustore.online\/tienda\/wp-json\/wp\/v2\/product\/16737","targetHints":{"allow":["GET"]}}],"collection":[{"href":"https:\/\/celustore.online\/tienda\/wp-json\/wp\/v2\/product"}],"about":[{"href":"https:\/\/celustore.online\/tienda\/wp-json\/wp\/v2\/types\/product"}],"replies":[{"embeddable":true,"href":"https:\/\/celustore.online\/tienda\/wp-json\/wp\/v2\/comments?post=16737"}],"wp:featuredmedia":[{"embeddable":true,"href":"https:\/\/celustore.online\/tienda\/wp-json\/wp\/v2\/media\/16740"}],"wp:attachment":[{"href":"https:\/\/celustore.online\/tienda\/wp-json\/wp\/v2\/media?parent=16737"}],"wp:term":[{"taxonomy":"product_brand","embeddable":true,"href":"https:\/\/celustore.online\/tienda\/wp-json\/wp\/v2\/product_brand?post=16737"},{"taxonomy":"product_cat","embeddable":true,"href":"https:\/\/celustore.online\/tienda\/wp-json\/wp\/v2\/product_cat?post=16737"},{"taxonomy":"product_tag","embeddable":true,"href":"https:\/\/celustore.online\/tienda\/wp-json\/wp\/v2\/product_tag?post=16737"}],"curies":[{"name":"wp","href":"https:\/\/api.w.org\/{rel}","templated":true}]}}