{"id":16734,"date":"2022-09-19T15:42:04","date_gmt":"2022-09-19T15:42:04","guid":{"rendered":"https:\/\/celustore.online\/tienda\/?post_type=product&#038;p=16734"},"modified":"2024-09-12T21:30:11","modified_gmt":"2024-09-12T21:30:11","slug":"parlante-klipxtreme-titan-bluetooth-17-hs","status":"publish","type":"product","link":"https:\/\/celustore.online\/tienda\/producto\/parlante-klipxtreme-titan-bluetooth-17-hs\/","title":{"rendered":"PARLANTE KLIPXTREME TITAN Bluetooth 17 hs"},"content":{"rendered":"","protected":false},"excerpt":{"rendered":"<div class=\"elementor-element elementor-element-e9173bf elementor-widget elementor-widget-heading\" data-id=\"e9173bf\" data-element_type=\"widget\" data-widget_type=\"heading.default\">\n<div class=\"elementor-widget-container\">\n<h4 class=\"elementor-heading-title elementor-size-default\">Detalles del Producto<\/h4>\n<\/div>\n<\/div>\n<div class=\"elementor-element elementor-element-662663a elementor-widget elementor-widget-woocommerce-product-content\" data-id=\"662663a\" data-element_type=\"widget\" data-widget_type=\"woocommerce-product-content.default\">\n<div class=\"elementor-widget-container\">\n<div class=\"product\">\n<h2>Libera tu sonido<\/h2>\n<h5>Disfruta la m\u00fasica en un lago, una piscina o una playa con este parlante port\u00e1til IPX7 a prueba de agua. Difunde sonido vibrante a todas partes con hasta 17 horas de reproducci\u00f3n. La tecnolog\u00eda TWS (True Wireless Stereo) brinda sonido est\u00e9reo de alta calidad y una experiencia de audio envolvente. Aprovecha el Bluetooth V5.0 para un mayor alcance inal\u00e1mbrico de hasta 10 metros. Los dos radiadores pasivos de 50mm emiten graves mejorados para que te deleites con tu m\u00fasica. Tiene un dise\u00f1o pr\u00e1ctico que facilita empacarlo y cargarlo.<\/h5>\n<h4>-Parlante port\u00e1til para disfrutar m\u00fasica en interiores o exteriores<\/h4>\n<h4>-Difunde gran sonido al mundo con 12 watts de potencia m\u00e1xima de salida<\/h4>\n<h4>-TWS (True Wireless Stereo), una caracter\u00edstica dise\u00f1ada para transmitir audio inal\u00e1mbricamente de forma simult\u00e1nea a trav\u00e9s de dos unidades desde la misma fuente de audio<\/h4>\n<h4>-Cuenta con tecnolog\u00eda Bluetooth V5.0 que ofrece una se\u00f1al m\u00e1s fuerte a mayores distancias inal\u00e1mbricas<\/h4>\n<h4>-Escucha tus canciones favoritas por hasta 17 horas con una sola carga para seguir tu camino con sonido sorprendente<\/h4>\n<h4>-Protecci\u00f3n IPX7 a prueba de lluvia, derrames o penetraci\u00f3n de agua hasta un metro de profundidad por 30 minutos<\/h4>\n<h4>-Dos radiadores pasivos de 50mm brindan mejores graves para disfrutar una experiencia musical agradable<\/h4>\n<h4>-Recibe o haz llamadas con la funcionalidad de manos libres<\/h4>\n<\/div>\n<\/div>\n<\/div>\n","protected":false},"featured_media":16736,"comment_status":"open","ping_status":"closed","template":"","meta":{"_joinchat":[]},"product_brand":[],"product_cat":[482],"product_tag":[],"class_list":{"0":"post-16734","1":"product","2":"type-product","3":"status-publish","4":"has-post-thumbnail","6":"product_cat-parlantes","8":"first","9":"instock","10":"shipping-taxable","11":"purchasable","12":"product-type-simple"},"jetpack_sharing_enabled":true,"_links":{"self":[{"href":"https:\/\/celustore.online\/tienda\/wp-json\/wp\/v2\/product\/16734","targetHints":{"allow":["GET"]}}],"collection":[{"href":"https:\/\/celustore.online\/tienda\/wp-json\/wp\/v2\/product"}],"about":[{"href":"https:\/\/celustore.online\/tienda\/wp-json\/wp\/v2\/types\/product"}],"replies":[{"embeddable":true,"href":"https:\/\/celustore.online\/tienda\/wp-json\/wp\/v2\/comments?post=16734"}],"wp:featuredmedia":[{"embeddable":true,"href":"https:\/\/celustore.online\/tienda\/wp-json\/wp\/v2\/media\/16736"}],"wp:attachment":[{"href":"https:\/\/celustore.online\/tienda\/wp-json\/wp\/v2\/media?parent=16734"}],"wp:term":[{"taxonomy":"product_brand","embeddable":true,"href":"https:\/\/celustore.online\/tienda\/wp-json\/wp\/v2\/product_brand?post=16734"},{"taxonomy":"product_cat","embeddable":true,"href":"https:\/\/celustore.online\/tienda\/wp-json\/wp\/v2\/product_cat?post=16734"},{"taxonomy":"product_tag","embeddable":true,"href":"https:\/\/celustore.online\/tienda\/wp-json\/wp\/v2\/product_tag?post=16734"}],"curies":[{"name":"wp","href":"https:\/\/api.w.org\/{rel}","templated":true}]}}