{"id":16649,"date":"2022-08-30T14:45:44","date_gmt":"2022-08-30T14:45:44","guid":{"rendered":"https:\/\/celustore.online\/tienda\/?post_type=product&#038;p=16649"},"modified":"2024-04-29T04:05:16","modified_gmt":"2024-04-29T04:05:16","slug":"smart-band-m7-reloj-inteligente","status":"publish","type":"product","link":"https:\/\/celustore.online\/tienda\/producto\/smart-band-m7-reloj-inteligente\/","title":{"rendered":"SMART BAND M7"},"content":{"rendered":"","protected":false},"excerpt":{"rendered":"<div><em><strong>Funciones<\/strong><\/em><\/div>\n<ul>\n<li>\u00a0Pod\u00f3metro: muestra el conteo de pasos del ejercicio, el ejercicio es m\u00e1s eficiente<\/li>\n<li>Frecuencia Card\u00edaca: monitoriza la frecuencia card\u00edaca actual, monitoriza con precisi\u00f3n en tiempo real<\/li>\n<li>Kilometraje: muestra la distancia recorrida a pie.<\/li>\n<li>Calor\u00edas: muestra las calor\u00edas consumidas durante el d\u00eda.<\/li>\n<li>Recordatorio de alarma: Control de sue\u00f1o completo, despertador<\/li>\n<li>Notificacion de llamada: recordatorio vibratorio, no te pierdas llamadas importantes<\/li>\n<li>Notificacion de vibraci\u00f3n del mensaje de la aplicaci\u00f3n: cuando el tel\u00e9fono m\u00f3vil recibe un mensaje de texto. WeChat y otras notificaciones de aplicaciones, te permiten saber notificaciones importantes a tiempo, no te pierdas.<\/li>\n<li>Control del sue\u00f1o: monitoriza la calidad del sue\u00f1o durante la noche-<\/li>\n<li>Levanta la mano para iluminar la pantalla<\/li>\n<li>Puedes cambiar el fonde de pantalla al que desees y predeterminados.<\/li>\n<li>Monitorizaci\u00f3n del ritmo card\u00edaco, monitorizaci\u00f3n de la presi\u00f3n arterial,<\/li>\n<li>Recordatorio sedentario, monitorizaci\u00f3n del sue\u00f1o, antip\u00e9rdida,<\/li>\n<li>Fotograf\u00eda remota, pod\u00f3metro<\/li>\n<li>Recordatorio de llamada, recordatorio de informaci\u00f3n, visualizaci\u00f3n de la hora, visualizaci\u00f3n de la fecha<\/li>\n<\/ul>\n<p>&nbsp;<\/p>\n","protected":false},"featured_media":16650,"comment_status":"open","ping_status":"closed","template":"","meta":{"_joinchat":[]},"product_brand":[],"product_cat":[530],"product_tag":[],"class_list":{"0":"post-16649","1":"product","2":"type-product","3":"status-publish","4":"has-post-thumbnail","6":"product_cat-reloj-inteligente","8":"first","9":"instock","10":"shipping-taxable","11":"purchasable","12":"product-type-simple"},"jetpack_sharing_enabled":true,"_links":{"self":[{"href":"https:\/\/celustore.online\/tienda\/wp-json\/wp\/v2\/product\/16649","targetHints":{"allow":["GET"]}}],"collection":[{"href":"https:\/\/celustore.online\/tienda\/wp-json\/wp\/v2\/product"}],"about":[{"href":"https:\/\/celustore.online\/tienda\/wp-json\/wp\/v2\/types\/product"}],"replies":[{"embeddable":true,"href":"https:\/\/celustore.online\/tienda\/wp-json\/wp\/v2\/comments?post=16649"}],"wp:featuredmedia":[{"embeddable":true,"href":"https:\/\/celustore.online\/tienda\/wp-json\/wp\/v2\/media\/16650"}],"wp:attachment":[{"href":"https:\/\/celustore.online\/tienda\/wp-json\/wp\/v2\/media?parent=16649"}],"wp:term":[{"taxonomy":"product_brand","embeddable":true,"href":"https:\/\/celustore.online\/tienda\/wp-json\/wp\/v2\/product_brand?post=16649"},{"taxonomy":"product_cat","embeddable":true,"href":"https:\/\/celustore.online\/tienda\/wp-json\/wp\/v2\/product_cat?post=16649"},{"taxonomy":"product_tag","embeddable":true,"href":"https:\/\/celustore.online\/tienda\/wp-json\/wp\/v2\/product_tag?post=16649"}],"curies":[{"name":"wp","href":"https:\/\/api.w.org\/{rel}","templated":true}]}}