{"id":16254,"date":"2022-06-13T13:49:46","date_gmt":"2022-06-13T13:49:46","guid":{"rendered":"https:\/\/celustore.online\/tienda\/?post_type=product&#038;p=16254"},"modified":"2026-04-01T15:41:55","modified_gmt":"2026-04-01T15:41:55","slug":"selfie-stick-y9-bluetooth-soporte","status":"publish","type":"product","link":"https:\/\/celustore.online\/tienda\/producto\/selfie-stick-y9-bluetooth-soporte\/","title":{"rendered":"Selfie Stick Y9 Bluetooth- Soporte"},"content":{"rendered":"<p><strong>DESCRIPCI\u00d3N<\/strong><\/p>\n<p>Clase: Selfie Stick<\/p>\n<p>Material: acero inoxidable.<\/p>\n<p>ABS Modelo: Y9 Bluetooth<\/p>\n<p>versi\u00f3n: 4.0<\/p>\n<p>Bater\u00eda del mando a distancia: 1 x bater\u00eda de bot\u00f3n CR1632 (incluida)<\/p>\n<p>Rango de estiramiento: 195mm &#8211; 730mm<\/p>\n<p>Ancho del tel\u00e9fono compatible: 8 cm<\/p>\n<p>Distancia de Control remoto: 10m<\/p>\n<p>Tama\u00f1o: 195mm x 35mm x 40mm\/7.68&#8243; x 1.38&#8243; x 1.57&#8243;<\/p>\n","protected":false},"excerpt":{"rendered":"<h1 class=\"name___3sZiF\">Selfie Stick Y9 Bluetooth 4.0 Ajustable Selfie Stick Soporte de tel\u00e9fono m\u00f3vil Tr\u00edpode para transmisi\u00f3n en vivo<\/h1>\n","protected":false},"featured_media":16267,"comment_status":"open","ping_status":"closed","template":"","meta":{"_joinchat":[]},"product_brand":[],"product_cat":[531],"product_tag":[],"class_list":{"0":"post-16254","1":"product","2":"type-product","3":"status-publish","4":"has-post-thumbnail","6":"product_cat-accesorios-para-celular","8":"first","9":"instock","10":"shipping-taxable","11":"purchasable","12":"product-type-simple"},"jetpack_sharing_enabled":true,"_links":{"self":[{"href":"https:\/\/celustore.online\/tienda\/wp-json\/wp\/v2\/product\/16254","targetHints":{"allow":["GET"]}}],"collection":[{"href":"https:\/\/celustore.online\/tienda\/wp-json\/wp\/v2\/product"}],"about":[{"href":"https:\/\/celustore.online\/tienda\/wp-json\/wp\/v2\/types\/product"}],"replies":[{"embeddable":true,"href":"https:\/\/celustore.online\/tienda\/wp-json\/wp\/v2\/comments?post=16254"}],"wp:featuredmedia":[{"embeddable":true,"href":"https:\/\/celustore.online\/tienda\/wp-json\/wp\/v2\/media\/16267"}],"wp:attachment":[{"href":"https:\/\/celustore.online\/tienda\/wp-json\/wp\/v2\/media?parent=16254"}],"wp:term":[{"taxonomy":"product_brand","embeddable":true,"href":"https:\/\/celustore.online\/tienda\/wp-json\/wp\/v2\/product_brand?post=16254"},{"taxonomy":"product_cat","embeddable":true,"href":"https:\/\/celustore.online\/tienda\/wp-json\/wp\/v2\/product_cat?post=16254"},{"taxonomy":"product_tag","embeddable":true,"href":"https:\/\/celustore.online\/tienda\/wp-json\/wp\/v2\/product_tag?post=16254"}],"curies":[{"name":"wp","href":"https:\/\/api.w.org\/{rel}","templated":true}]}}